[INFO] fetching crate solana_libra_functional_tests 0.0.0-sol15...
[INFO] checking solana_libra_functional_tests-0.0.0-sol15 against master#af3c6e733a40e671550e0f0f5aeecaa13772ba56 for pr-74989
[INFO] extracting crate solana_libra_functional_tests 0.0.0-sol15 into /workspace/builds/worker-1/source
[INFO] validating manifest of crates.io crate solana_libra_functional_tests 0.0.0-sol15 on toolchain af3c6e733a40e671550e0f0f5aeecaa13772ba56
[INFO] running `Command { std: "/workspace/cargo-home/bin/cargo" "+af3c6e733a40e671550e0f0f5aeecaa13772ba56" "read-manifest" "--manifest-path" "Cargo.toml", kill_on_drop: false }`
[INFO] started tweaking crates.io crate solana_libra_functional_tests 0.0.0-sol15
[INFO] finished tweaking crates.io crate solana_libra_functional_tests 0.0.0-sol15
[INFO] tweaked toml for crates.io crate solana_libra_functional_tests 0.0.0-sol15 written to /workspace/builds/worker-1/source/Cargo.toml
[INFO] running `Command { std: "/workspace/cargo-home/bin/cargo" "+af3c6e733a40e671550e0f0f5aeecaa13772ba56" "generate-lockfile" "--manifest-path" "Cargo.toml" "-Zno-index-update", kill_on_drop: false }`
[INFO] running `Command { std: "/workspace/cargo-home/bin/cargo" "+af3c6e733a40e671550e0f0f5aeecaa13772ba56" "fetch" "--locked" "--manifest-path" "Cargo.toml", kill_on_drop: false }`
[INFO] running `Command { std: "docker" "create" "-v" "/var/lib/crater-agent-workspace/builds/worker-1/target:/opt/rustwide/target:rw,Z" "-v" "/var/lib/crater-agent-workspace/builds/worker-1/source:/opt/rustwide/workdir:ro,Z" "-v" "/var/lib/crater-agent-workspace/cargo-home:/opt/rustwide/cargo-home:ro,Z" "-v" "/var/lib/crater-agent-workspace/rustup-home:/opt/rustwide/rustup-home:ro,Z" "-e" "SOURCE_DIR=/opt/rustwide/workdir" "-e" "CARGO_TARGET_DIR=/opt/rustwide/target" "-e" "CARGO_HOME=/opt/rustwide/cargo-home" "-e" "RUSTUP_HOME=/opt/rustwide/rustup-home" "-w" "/opt/rustwide/workdir" "-m" "1610612736" "--user" "0:0" "--network" "none" "rustops/crates-build-env@sha256:d92eaeed33fa75130ca1ee6c8a01d1ffb62bac859dfdfb3450e3e5d1c0146529" "/opt/rustwide/cargo-home/bin/cargo" "+af3c6e733a40e671550e0f0f5aeecaa13772ba56" "metadata" "--no-deps" "--format-version=1", kill_on_drop: false }`
[INFO] [stdout] f66e2392c6e7ec818e61dd1c0b03f6d6cedf5f4a76d68b2bb8243ba790c7e143
[INFO] [stderr] WARNING: Your kernel does not support swap limit capabilities or the cgroup is not mounted. Memory limited without swap.
[INFO] running `Command { std: "docker" "start" "-a" "f66e2392c6e7ec818e61dd1c0b03f6d6cedf5f4a76d68b2bb8243ba790c7e143", kill_on_drop: false }`
[INFO] running `Command { std: "docker" "inspect" "f66e2392c6e7ec818e61dd1c0b03f6d6cedf5f4a76d68b2bb8243ba790c7e143", kill_on_drop: false }`
[INFO] running `Command { std: "docker" "rm" "-f" "f66e2392c6e7ec818e61dd1c0b03f6d6cedf5f4a76d68b2bb8243ba790c7e143", kill_on_drop: false }`
[INFO] [stdout] f66e2392c6e7ec818e61dd1c0b03f6d6cedf5f4a76d68b2bb8243ba790c7e143
[INFO] running `Command { std: "docker" "create" "-v" "/var/lib/crater-agent-workspace/builds/worker-1/target:/opt/rustwide/target:rw,Z" "-v" "/var/lib/crater-agent-workspace/builds/worker-1/source:/opt/rustwide/workdir:ro,Z" "-v" "/var/lib/crater-agent-workspace/cargo-home:/opt/rustwide/cargo-home:ro,Z" "-v" "/var/lib/crater-agent-workspace/rustup-home:/opt/rustwide/rustup-home:ro,Z" "-e" "SOURCE_DIR=/opt/rustwide/workdir" "-e" "CARGO_TARGET_DIR=/opt/rustwide/target" "-e" "CARGO_INCREMENTAL=0" "-e" "RUST_BACKTRACE=full" "-e" "RUSTFLAGS=--cap-lints=forbid" "-e" "CARGO_HOME=/opt/rustwide/cargo-home" "-e" "RUSTUP_HOME=/opt/rustwide/rustup-home" "-w" "/opt/rustwide/workdir" "-m" "1610612736" "--user" "0:0" "--network" "none" "rustops/crates-build-env@sha256:d92eaeed33fa75130ca1ee6c8a01d1ffb62bac859dfdfb3450e3e5d1c0146529" "/opt/rustwide/cargo-home/bin/cargo" "+af3c6e733a40e671550e0f0f5aeecaa13772ba56" "check" "--frozen" "--all" "--all-targets" "--message-format=json", kill_on_drop: false }`
[INFO] [stdout] 6fb70a9cd95ec665742febc6618b3381d92a522332f388778e0e150b140c87ca
[INFO] [stderr] WARNING: Your kernel does not support swap limit capabilities or the cgroup is not mounted. Memory limited without swap.
[INFO] running `Command { std: "docker" "start" "-a" "6fb70a9cd95ec665742febc6618b3381d92a522332f388778e0e150b140c87ca", kill_on_drop: false }`
[INFO] [stderr]    Compiling term v0.4.6
[INFO] [stderr]    Compiling lalrpop-util v0.16.3
[INFO] [stderr]    Compiling pkg-config v0.3.18
[INFO] [stderr]     Checking termcolor v0.3.6
[INFO] [stderr]     Checking traitobject v0.0.1
[INFO] [stderr]    Compiling prometheus v0.4.2
[INFO] [stderr]     Checking rustc-serialize v0.3.24
[INFO] [stderr]     Checking quick-error v0.2.2
[INFO] [stderr]     Checking lazy_static v0.2.11
[INFO] [stderr]     Checking spin v0.4.10
[INFO] [stderr]    Compiling cmake v0.1.44
[INFO] [stderr]     Checking itertools v0.7.11
[INFO] [stderr]     Checking yaml-rust v0.4.4
[INFO] [stderr]     Checking log v0.3.9
[INFO] [stderr]    Compiling ena v0.11.0
[INFO] [stderr]     Checking cookie v0.2.5
[INFO] [stderr]    Compiling structopt-derive v0.2.18
[INFO] [stderr]    Compiling datatest-derive v0.3.5
[INFO] [stderr]    Compiling derive_deref v1.1.1
[INFO] [stderr]     Checking hpack v0.2.0
[INFO] [stderr]     Checking mime v0.2.6
[INFO] [stderr]    Compiling ascii-canvas v1.0.0
[INFO] [stderr]     Checking solana_libra_vm_cache_map v0.0.0
[INFO] [stderr]     Checking toml v0.4.10
[INFO] [stderr]     Checking parity-multiaddr v0.4.1
[INFO] [stderr]     Checking solicit v0.4.4
[INFO] [stderr]     Checking solana_libra_failure_ext v0.0.0
[INFO] [stderr]     Checking filecheck v0.4.0
[INFO] [stderr]     Checking ed25519-dalek v1.0.0
[INFO] [stderr]     Checking serde_yaml v0.8.13
[INFO] [stderr]     Checking solana_libra_proto_conv v0.0.0
[INFO] [stderr]     Checking solana_libra_canonical_serialization v0.0.0
[INFO] [stderr]    Compiling lalrpop v0.16.3
[INFO] [stderr]     Checking solana_libra_logger v0.0.0
[INFO] [stderr]     Checking codespan v0.1.3
[INFO] [stderr]    Compiling grpcio-sys v0.4.7
[INFO] [stderr]     Checking solana_libra_crypto v0.0.0
[INFO] [stdout] error[E0432]: unresolved import `ed25519_dalek::verify_batch`
[INFO] [stdout]   --> /opt/rustwide/cargo-home/registry/src/github.com-1ecc6299db9ec823/solana_libra_crypto-0.0.0/src/signing.rs:30:27
[INFO] [stdout]    |
[INFO] [stdout] 30 | use ed25519_dalek::{self, verify_batch};
[INFO] [stdout]    |                           ^^^^^^^^^^^^ no `verify_batch` in the root
[INFO] [stdout] 
[INFO] [stdout] 
[INFO] [stderr]     Checking codespan-reporting v0.1.4
[INFO] [stdout] error[E0599]: no method named `verify` found for struct `ed25519_dalek::PublicKey` in the current scope
[INFO] [stdout]    --> /opt/rustwide/cargo-home/registry/src/github.com-1ecc6299db9ec823/solana_libra_crypto-0.0.0/src/signing.rs:110:10
[INFO] [stdout]     |
[INFO] [stdout] 110 |         .verify(message.as_ref(), &signature.value)?;
[INFO] [stdout]     |          ^^^^^^ method not found in `ed25519_dalek::PublicKey`
[INFO] [stdout]     |
[INFO] [stdout]     = help: items from traits can only be used if the trait is in scope
[INFO] [stdout]     = note: the following trait is implemented but not in scope; perhaps add a `use` for it:
[INFO] [stdout]             `use ed25519_dalek::Verifier;`
[INFO] [stdout] 
[INFO] [stdout] 
[INFO] [stdout] error[E0277]: the trait bound `R: rand_core::CryptoRng` is not satisfied
[INFO] [stdout]    --> /opt/rustwide/cargo-home/registry/src/github.com-1ecc6299db9ec823/solana_libra_crypto-0.0.0/src/signing.rs:221:52
[INFO] [stdout]     |
[INFO] [stdout] 221 |     let keypair = ed25519_dalek::Keypair::generate(rng);
[INFO] [stdout]     |                                                    ^^^ the trait `rand_core::CryptoRng` is not implemented for `R`
[INFO] [stdout]     | 
[INFO] [stdout]    ::: /opt/rustwide/cargo-home/registry/src/github.com-1ecc6299db9ec823/ed25519-dalek-1.0.0/src/keypair.rs:130:12
[INFO] [stdout]     |
[INFO] [stdout] 130 |         R: CryptoRng + RngCore,
[INFO] [stdout]     |            --------- required by this bound in `Keypair::generate`
[INFO] [stdout]     |
[INFO] [stdout] help: consider further restricting this bound
[INFO] [stdout]     |
[INFO] [stdout] 219 |     R: RngCore + CryptoRng + rand_core::CryptoRng,
[INFO] [stdout]     |                            ^^^^^^^^^^^^^^^^^^^^^^
[INFO] [stdout] 
[INFO] [stdout] 
[INFO] [stdout] error[E0277]: the trait bound `R: rand_core::RngCore` is not satisfied
[INFO] [stdout]    --> /opt/rustwide/cargo-home/registry/src/github.com-1ecc6299db9ec823/solana_libra_crypto-0.0.0/src/signing.rs:221:52
[INFO] [stdout]     |
[INFO] [stdout] 221 |     let keypair = ed25519_dalek::Keypair::generate(rng);
[INFO] [stdout]     |                                                    ^^^ the trait `rand_core::RngCore` is not implemented for `R`
[INFO] [stdout]     | 
[INFO] [stdout]    ::: /opt/rustwide/cargo-home/registry/src/github.com-1ecc6299db9ec823/ed25519-dalek-1.0.0/src/keypair.rs:130:24
[INFO] [stdout]     |
[INFO] [stdout] 130 |         R: CryptoRng + RngCore,
[INFO] [stdout]     |                        ------- required by this bound in `Keypair::generate`
[INFO] [stdout]     |
[INFO] [stdout] help: consider further restricting this bound
[INFO] [stdout]     |
[INFO] [stdout] 219 |     R: RngCore + CryptoRng + rand_core::RngCore,
[INFO] [stdout]     |                            ^^^^^^^^^^^^^^^^^^^^
[INFO] [stdout] 
[INFO] [stdout] 
[INFO] [stdout] error[E0599]: no function or associated item named `from_bytes` found for struct `ed25519_dalek::Signature` in the current scope
[INFO] [stdout]    --> /opt/rustwide/cargo-home/registry/src/github.com-1ecc6299db9ec823/solana_libra_crypto-0.0.0/src/signing.rs:365:41
[INFO] [stdout]     |
[INFO] [stdout] 365 |         match ed25519_dalek::Signature::from_bytes(data) {
[INFO] [stdout]     |                                         ^^^^^^^^^^
[INFO] [stdout]     |                                         |
[INFO] [stdout]     |                                         function or associated item not found in `ed25519_dalek::Signature`
[INFO] [stdout]     |                                         help: there is an associated function with a similar name: `to_bytes`
[INFO] [stdout]     |
[INFO] [stdout]     = help: items from traits can only be used if the trait is in scope
[INFO] [stdout]     = note: the following trait is implemented but not in scope; perhaps add a `use` for it:
[INFO] [stdout]             `use ed25519_dalek::ed25519::signature::Signature;`
[INFO] [stdout] 
[INFO] [stdout] 
[INFO] [stdout] error[E0599]: no function or associated item named `from_bytes` found for struct `ed25519_dalek::Signature` in the current scope
[INFO] [stdout]    --> /opt/rustwide/cargo-home/registry/src/github.com-1ecc6299db9ec823/solana_libra_crypto-0.0.0/src/signing.rs:502:43
[INFO] [stdout]     |
[INFO] [stdout] 502 |         match ::ed25519_dalek::Signature::from_bytes(value) {
[INFO] [stdout]     |                                           ^^^^^^^^^^
[INFO] [stdout]     |                                           |
[INFO] [stdout]     |                                           function or associated item not found in `ed25519_dalek::Signature`
[INFO] [stdout]     |                                           help: there is an associated function with a similar name: `to_bytes`
[INFO] [stdout]     |
[INFO] [stdout]     = help: items from traits can only be used if the trait is in scope
[INFO] [stdout]     = note: the following trait is implemented but not in scope; perhaps add a `use` for it:
[INFO] [stdout]             `use ed25519_dalek::ed25519::signature::Signature;`
[INFO] [stdout] 
[INFO] [stdout] 
[INFO] [stdout] error: aborting due to 6 previous errors
[INFO] [stdout] 
[INFO] [stdout] 
[INFO] [stdout] Some errors have detailed explanations: E0277, E0432, E0599.
[INFO] [stdout] 
[INFO] [stdout] For more information about an error, try `rustc --explain E0277`.
[INFO] [stdout] 
[INFO] [stderr] error: could not compile `solana_libra_crypto`.
[INFO] [stderr] 
[INFO] [stderr] To learn more, run the command again with --verbose.
[INFO] [stderr] warning: build failed, waiting for other jobs to finish...
[INFO] [stderr] error: build failed
[INFO] running `Command { std: "docker" "inspect" "6fb70a9cd95ec665742febc6618b3381d92a522332f388778e0e150b140c87ca", kill_on_drop: false }`
[INFO] running `Command { std: "docker" "rm" "-f" "6fb70a9cd95ec665742febc6618b3381d92a522332f388778e0e150b140c87ca", kill_on_drop: false }`
[INFO] [stdout] 6fb70a9cd95ec665742febc6618b3381d92a522332f388778e0e150b140c87ca
